{"id":48,"date":"2020-02-10T17:47:11","date_gmt":"2020-02-10T16:47:11","guid":{"rendered":"http:\/\/gruene-wriezen.de\/?page_id=48"},"modified":"2025-01-03T11:07:36","modified_gmt":"2025-01-03T10:07:36","slug":"ortsverband","status":"publish","type":"page","link":"https:\/\/gruene-wriezen.de\/index.php\/ortsverband\/","title":{"rendered":"Ortsverband Wriezen"},"content":{"rendered":"\n<p>Seit dem 11. Dezember 2019 gibt es den Ortsverband Wriezen von B\u00dcNDNIS 90\/DIE GR\u00dcNEN. Wir sind Anlaufstelle f\u00fcr alle, die sich f\u00fcr gr\u00fcne Politik interessieren, sich auf kommunaler Ebene einmischen m\u00f6chten und mithelfen wollen, Wriezen positiv zu entwickeln. <\/p>\n\n\n\n<p> Wir stehen f\u00fcr ein weltoffenes, tolerantes Wriezen, das seine Chancen in  nachhaltiger, ressourcensparender und umweltschonender  Wirtschaft und Landwirtschaft nutzt und entwickelt.<\/p>\n\n\n\n<h2 class=\"wp-block-heading\">Unsere OV-Sprecher*innen<\/h2>\n\n\n\n<div class=\"wp-block-columns is-layout-flex wp-container-core-columns-is-layout-1 wp-block-columns-is-layout-flex\">\n<div class=\"wp-block-column is-layout-flow wp-block-column-is-layout-flow\">\n<figure class=\"wp-block-image size-large\"><img loading=\"lazy\" decoding=\"async\" width=\"650\" height=\"856\" src=\"https:\/\/gruene-wriezen.de\/wp-content\/uploads\/2020\/02\/Anne_Blunk-1.jpg\" alt=\"\" class=\"wp-image-71\" srcset=\"https:\/\/gruene-wriezen.de\/wp-content\/uploads\/2020\/02\/Anne_Blunk-1.jpg 650w, https:\/\/gruene-wriezen.de\/wp-content\/uploads\/2020\/02\/Anne_Blunk-1-400x527.jpg 400w, https:\/\/gruene-wriezen.de\/wp-content\/uploads\/2020\/02\/Anne_Blunk-1-114x150.jpg 114w\" sizes=\"auto, (max-width: 650px) 100vw, 650px\" \/><\/figure>\n\n\n\n<h3 class=\"wp-block-heading\"> Anne Blunk <\/h3>\n\n\n\n<p>geboren 1981<br>Verwaltungsangestellte<br>Sprecherin OV<\/p>\n<\/div>\n\n\n\n<div class=\"wp-block-column is-layout-flow wp-block-column-is-layout-flow\">\n<figure class=\"wp-block-image size-large\"><img loading=\"lazy\" decoding=\"async\" width=\"650\" height=\"856\" src=\"https:\/\/gruene-wriezen.de\/wp-content\/uploads\/2020\/02\/Steffen_Blunk.jpg\" alt=\"\" class=\"wp-image-72\" srcset=\"https:\/\/gruene-wriezen.de\/wp-content\/uploads\/2020\/02\/Steffen_Blunk.jpg 650w, https:\/\/gruene-wriezen.de\/wp-content\/uploads\/2020\/02\/Steffen_Blunk-400x527.jpg 400w, https:\/\/gruene-wriezen.de\/wp-content\/uploads\/2020\/02\/Steffen_Blunk-114x150.jpg 114w\" sizes=\"auto, (max-width: 650px) 100vw, 650px\" \/><\/figure>\n\n\n\n<h3 class=\"wp-block-heading\">Steffen Blunk<\/h3>\n\n\n\n<p>geboren 1967<br>Bildender K\u00fcnstler<br>Sprecher OV \/ Vorstandsmitglied Kreisverband<\/p>\n<\/div>\n<\/div>\n\n\n\n<div class=\"wp-block-columns is-layout-flex wp-container-core-columns-is-layout-2 wp-block-columns-is-layout-flex\">\n<div class=\"wp-block-column is-layout-flow wp-block-column-is-layout-flow\"><\/div>\n<\/div>\n\n\n\n<p><\/p>\n","protected":false},"excerpt":{"rendered":"<p>Seit dem 11. Dezember 2019 gibt es den Ortsverband Wriezen von B\u00dcNDNIS 90\/DIE GR\u00dcNEN. Wir sind Anlaufstelle f\u00fcr alle, die sich f\u00fcr gr\u00fcne Politik interessieren, sich auf kommunaler Ebene einmischen [&hellip;]<\/p>\n","protected":false},"author":1,"featured_media":0,"parent":0,"menu_order":0,"comment_status":"closed","ping_status":"closed","template":"","meta":{"footnotes":""},"class_list":["post-48","page","type-page","status-publish","hentry"],"jetpack_sharing_enabled":true,"_links":{"self":[{"href":"https:\/\/gruene-wriezen.de\/index.php\/wp-json\/wp\/v2\/pages\/48","targetHints":{"allow":["GET"]}}],"collection":[{"href":"https:\/\/gruene-wriezen.de\/index.php\/wp-json\/wp\/v2\/pages"}],"about":[{"href":"https:\/\/gruene-wriezen.de\/index.php\/wp-json\/wp\/v2\/types\/page"}],"author":[{"embeddable":true,"href":"https:\/\/gruene-wriezen.de\/index.php\/wp-json\/wp\/v2\/users\/1"}],"replies":[{"embeddable":true,"href":"https:\/\/gruene-wriezen.de\/index.php\/wp-json\/wp\/v2\/comments?post=48"}],"version-history":[{"count":17,"href":"https:\/\/gruene-wriezen.de\/index.php\/wp-json\/wp\/v2\/pages\/48\/revisions"}],"predecessor-version":[{"id":425,"href":"https:\/\/gruene-wriezen.de\/index.php\/wp-json\/wp\/v2\/pages\/48\/revisions\/425"}],"wp:attachment":[{"href":"https:\/\/gruene-wriezen.de\/index.php\/wp-json\/wp\/v2\/media?parent=48"}],"curies":[{"name":"wp","href":"https:\/\/api.w.org\/{rel}","templated":true}]}}

<p>Seit dem 11. Dezember 2019 gibt es den Ortsverband Wriezen von BÜNDNIS 90/DIE GRÜNEN. Wir sind Anlaufstelle für alle, die sich für grüne Politik interessieren, sich auf kommunaler Ebene einmischen möchten und mithelfen wollen, Wriezen positiv zu entwickeln. </p>



<p> Wir stehen für ein weltoffenes, tolerantes Wriezen, das seine Chancen in  nachhaltiger, ressourcensparender und umweltschonender  Wirtschaft und Landwirtschaft nutzt und entwickelt.</p>



<h2 class="wp-block-heading">Unsere OV-Sprecher*innen</h2>



<div class="wp-block-columns is-layout-flex wp-container-core-columns-is-layout-1 wp-block-columns-is-layout-flex">
<div class="wp-block-column is-layout-flow wp-block-column-is-layout-flow">
<figure class="wp-block-image size-large"><img loading="lazy" decoding="async" width="650" height="856" src="https://gruene-wriezen.de/wp-content/uploads/2020/02/Anne_Blunk-1.jpg" alt="" class="wp-image-71" srcset="https://gruene-wriezen.de/wp-content/uploads/2020/02/Anne_Blunk-1.jpg 650w, https://gruene-wriezen.de/wp-content/uploads/2020/02/Anne_Blunk-1-400x527.jpg 400w, https://gruene-wriezen.de/wp-content/uploads/2020/02/Anne_Blunk-1-114x150.jpg 114w" sizes="auto, (max-width: 650px) 100vw, 650px" /></figure>



<h3 class="wp-block-heading"> Anne Blunk </h3>



<p>geboren 1981<br>Verwaltungsangestellte<br>Sprecherin OV</p>
</div>



<div class="wp-block-column is-layout-flow wp-block-column-is-layout-flow">
<figure class="wp-block-image size-large"><img loading="lazy" decoding="async" width="650" height="856" src="https://gruene-wriezen.de/wp-content/uploads/2020/02/Steffen_Blunk.jpg" alt="" class="wp-image-72" srcset="https://gruene-wriezen.de/wp-content/uploads/2020/02/Steffen_Blunk.jpg 650w, https://gruene-wriezen.de/wp-content/uploads/2020/02/Steffen_Blunk-400x527.jpg 400w, https://gruene-wriezen.de/wp-content/uploads/2020/02/Steffen_Blunk-114x150.jpg 114w" sizes="auto, (max-width: 650px) 100vw, 650px" /></figure>



<h3 class="wp-block-heading">Steffen Blunk</h3>



<p>geboren 1967<br>Bildender Künstler<br>Sprecher OV / Vorstandsmitglied Kreisverband</p>
</div>
</div>



<div class="wp-block-columns is-layout-flex wp-container-core-columns-is-layout-2 wp-block-columns-is-layout-flex">
<div class="wp-block-column is-layout-flow wp-block-column-is-layout-flow"></div>
</div>



<p></p>

<p>Seit dem 11. Dezember 2019 gibt es den Ortsverband Wriezen von BÜNDNIS 90/DIE GRÜNEN. Wir sind Anlaufstelle für alle, die sich für grüne Politik interessieren, sich auf kommunaler Ebene einmischen [&hellip;]</p>
