{"id":233,"date":"2021-01-05T12:53:16","date_gmt":"2021-01-05T11:53:16","guid":{"rendered":"http:\/\/gruene-wriezen.de\/?post_type=termine&#038;p=176"},"modified":"2021-01-05T12:53:16","modified_gmt":"2021-01-05T11:53:16","slug":"gruene-sprechstunde-2","status":"publish","type":"sunflower_event","link":"https:\/\/gruene-wriezen.de\/index.php\/termine\/gruene-sprechstunde-2\/","title":{"rendered":"Gr\u00fcne Sprechstunde"},"content":{"rendered":"<p>Am Freitagvormittag stehen die Stadtverordnete Anne Blunk und der Ortsverbandssprecher Steffen Blunk f\u00fcr Ihre Fragen rund um die Stadt, unsere Umwelt und unser Klima zur Verf\u00fcgung. Gern stehen wir Rede und Antwort zu unseren Zielen und Ideen f\u00fcr ein sch\u00f6neres Wriezen. Haben Sie Vorschl\u00e4ge und Anregungen? Daf\u00fcr haben wir immer ein offenes Ohr.<\/p>\n<p>Gleichzeitig kann in dieser Zeit die Petition zur Reaktivierung der Wriezener Bahn in unserem B\u00fcro unterschrieben werden.<\/p>\n","protected":false},"excerpt":{"rendered":"<p>Am Freitagvormittag stehen die Stadtverordnete Anne Blunk und der Ortsverbandssprecher Steffen Blunk f\u00fcr Ihre Fragen rund um die Stadt, unsere Umwelt und unser Klima zur Verf\u00fcgung. Gern stehen wir Rede [&hellip;]<\/p>\n","protected":false},"author":1,"featured_media":0,"comment_status":"closed","ping_status":"closed","template":"","sunflower_event_tag":[],"class_list":["post-233","sunflower_event","type-sunflower_event","status-publish","hentry"],"jetpack_sharing_enabled":true,"_links":{"self":[{"href":"https:\/\/gruene-wriezen.de\/index.php\/wp-json\/wp\/v2\/sunflower_event\/233","targetHints":{"allow":["GET"]}}],"collection":[{"href":"https:\/\/gruene-wriezen.de\/index.php\/wp-json\/wp\/v2\/sunflower_event"}],"about":[{"href":"https:\/\/gruene-wriezen.de\/index.php\/wp-json\/wp\/v2\/types\/sunflower_event"}],"author":[{"embeddable":true,"href":"https:\/\/gruene-wriezen.de\/index.php\/wp-json\/wp\/v2\/users\/1"}],"replies":[{"embeddable":true,"href":"https:\/\/gruene-wriezen.de\/index.php\/wp-json\/wp\/v2\/comments?post=233"}],"wp:attachment":[{"href":"https:\/\/gruene-wriezen.de\/index.php\/wp-json\/wp\/v2\/media?parent=233"}],"wp:term":[{"taxonomy":"sunflower_event_tag","embeddable":true,"href":"https:\/\/gruene-wriezen.de\/index.php\/wp-json\/wp\/v2\/sunflower_event_tag?post=233"}],"curies":[{"name":"wp","href":"https:\/\/api.w.org\/{rel}","templated":true}]}}

Grüne Sprechstunde

<p>Am Freitagvormittag stehen die Stadtverordnete Anne Blunk und der Ortsverbandssprecher Steffen Blunk für Ihre Fragen rund um die Stadt, unsere Umwelt und unser Klima zur Verfügung. Gern stehen wir Rede und Antwort zu unseren Zielen und Ideen für ein schöneres Wriezen. Haben Sie Vorschläge und Anregungen? Dafür haben wir immer ein offenes Ohr.</p>
<p>Gleichzeitig kann in dieser Zeit die Petition zur Reaktivierung der Wriezener Bahn in unserem Büro unterschrieben werden.</p>

<p>Am Freitagvormittag stehen die Stadtverordnete Anne Blunk und der Ortsverbandssprecher Steffen Blunk für Ihre Fragen rund um die Stadt, unsere Umwelt und unser Klima zur Verfügung. Gern stehen wir Rede [&hellip;]</p>
